h - h - 4 = 4*a. What is the remainder when -1*1 - (-5)/1 is divided by a?
0
Calculate the remainder when 113 is divided by 1 - 3/((-6)/56).
26
Let d = -3 - 0. Let o(g) = g**3 - g + 1. Let m(h) = h**3 + h**2 + 2*h + 6. Let c(n) = m(n) - 2*o(n). What is the remainder when c(d) is divided by 10?
8
Let a(s) = s + 11. Calculate the remainder when a(14) is divided by 14.
11
Let k(u) = -u + 22. Calculate the remainder when k(-9) is divided by 9.
4
Suppose 2*d + 3*o = 19, -3*d + 5*o = -2*d - 3. Suppose -d = -3*y + y. Calculate the remainder when 6 is divided by y.
2
Let f(i) = i**2 - 1 - 3 - 5 + 5. What is the remainder when f(4) is divided by 7?
5
Suppose -5*l + 14 = -4*v - 9, 0 = 3*l - 2*v - 13. Suppose 27 - l = 4*f. Calculate the remainder when (-162)/(-14) - (-4)/(-7) is divided by f.
5
Let q(h) = 8*h + 2. Let s = 10 + -6. Calculate the remainder when q(s) is divided by 9.
7
Suppose 3*m = m + 10. Suppose 4*j = -5*l + 46, 4*j = -0*j + m*l + 66. What is the remainder when j is divided by 8?
6
Let o be 8/3*108/16. Calculate the remainder when (o/3)/(-2) - -33 is divided by 8.
6
Let h(l) = l**2 - 2*l + 3. Let u be h(2). Let t be u/(-2) + 14/4. Suppose 15 = -3*n, -2*n = t*b - 7*b + 65. What is the remainder when 32 is divided by b?
10
Let t(f) = -f**2 - f + 37. What is the remainder when t(0) is divided by 18 - 2*(-1 + 0)?
17
Let b(c) = -3*c + 7. Calculate the remainder when 60 is divided by b(-3).
12
Let g = 4 - 3. Calculate the remainder when 5 is divided by 9/5 + g/5.
1
Let u be 1 + (-3)/3 + 48. Let f = u - 6. What is the remainder when f is divided by 11?
9
Let p = 11 + 5. Suppose -m + p = 3*m. Suppose -17 = m*v - 93. What is the remainder when v is divided by 7?
5
Let w(b) = -21*b**3 + 2*b**2 + 2*b + 1. Calculate the remainder when w(-1) is divided by 13.
9
Let t(g) = -12*g - 2. Let u be t(-3). Suppose 2*m = 4*h - 173 + 67, h + m - u = 0. Calculate the remainder when h is divided by 8.
5
Let j(v) = -11*v**3 - v - 1. Suppose -c - 3 = -2*c - 5*k, 3*k - 27 = -2*c. Calculate the remainder when c is divided by j(-1).
7
Let i(j) = 37*j**2 + j. Let l = -1 - -2. Calculate the remainder when i(l) is divided by 20.
18
Suppose -z - 67 = -3*z - 5*g, -57 = -2*z - 3*g. Let w(l) = 5*l - 4. Let k = 1 - -2. What is the remainder when z is divided by w(k)?
10
What is the remainder when (-6)/39 - (-5860)/65 is divided by 23?
21
Suppose 8 = -4*u, -2*d + 19 = -u - 13. Let f = -40 - -67. Calculate the remainder when f is divided by d.
12
Let q(h) = 7*h - 3. Let y be (5/1)/((-2)/(-14)). Suppose -k + y = 5*j - 5*k, 2*k = 2*j - 16. Calculate the remainder when 52 is divided by q(j).
16
Let j(l) = l**3 - 9*l**2 + 10*l + 3. What is the remainder when j(9) is divided by 32?
29
Let n(q) = -10*q + 4*q**2 + q + 7 + 12. Let z(h) = 2*h**2 - 4*h + 10. Let p(d) = 3*n(d) - 5*z(d). What is the remainder when p(6) is divided by 13?
11
Suppose 140 = 7*j + 3*j. What is the remainder when 81 is divided by j?
11
Suppose -y - 2*y = -270. Suppose -3*w = 12 - y. Calculate the remainder when 75 is divided by w.
23
Let n = -156 - -265. Let a = n - 74. What is the remainder when a is divided by 12?
11
Let u(r) = -9*r**2 - 4*r + 3. Let v(g) = g - 1. Let s(y) = -u(y) - 2*v(y). Calculate the remainder when s(1) is divided by 3.
1
Suppose -d + 59 = -2. Let m(f) = -f**3 + 5*f**2 + 3*f + 1. Calculate the remainder when d is divided by m(5).
13
Suppose 49 = 4*g - 3. What is the remainder when 24 is divided by g?
11
Suppose -3*q - 4*k = -79, -q - 6 = -2*k - 19. Suppose -2*a = -a - q. Calculate the remainder when a is divided by 80/6 - (-16)/(-12).
9
Let s be 2/(-4)*-6*5. Suppose -5*r + v = -s, 2*v = -5*r + 2 + 13. Calculate the remainder when 29 is divided by 22/2 - (r + -2).
9
Suppose 0 = -h + 3*h - 58. What is the remainder when h is divided by 10?
9
Let p(u) = -u**2 - 4*u - 2. Let w be p(-3). Let r = 11 - w. Calculate the remainder when 17 is divided by r.
7
Suppose -7 = -4*r + 9. What is the remainder when 12 + -1*(-1)/(-1) is divided by r?
3
Let s(f) = 5*f**2 + 9*f - 25. Calculate the remainder when s(4) is divided by 49.
42
Let h(k) = -k**2 - 5*k + 5. What is the remainder when 15 is divided by h(-4)?
6
Let y = 24 + -20. Let s = 51 - -17. Suppose 0*m + s = y*m. What is the remainder when 33 is divided by m?
16
Let b be (-2 + 0)/((-14)/959). Let o = -86 + b. What is the remainder when o is divided by 26?
25
Suppose -4*b = 2*l - 14, -2*l - 13 = -5*l + 2*b. What is the remainder when 9 is divided by l?
4
Let i(t) = -8*t + 22. Suppose 5*s - m - 117 = 0, 4*m = s - 36 + 5. Calculate the remainder when s is divided by i(2).
5
Let w = -3 + 18. What is the remainder when w is divided by 8?
7
Let t(c) = c**3 + 40. Let p be t(0). Let j = 74 - p. Suppose 16 + 2 = r. What is the remainder when j is divided by r?
16
What is the remainder when (2/(-1))/(((-1)/10)/1) is divided by 15?
5
Let l = 53 - 17. What is the remainder when l is divided by -1*2 - -13 - -2?
10
Calculate the remainder when 9 is divided by 15/(-2)*-1*(-20)/(-25).
3
Let y(q) = 2*q**2 + q - 8. Let l be 40*(7/(-5) - -1). Let z = -9 - l. What is the remainder when y(3) is divided by z?
6
Suppose -2*t = -2*x - 16, -5*x + 17 = 2*t + 1. Suppose 2*b = 3*n - 61, -2*b - 101 = -5*n + 2*b. Calculate the remainder when n is divided by t.
5
Suppose -p + 2*p = -6. Let a = p - -40. Calculate the remainder when a is divided by 9.
7
Let o = -28 - -79. What is the remainder when o is divided by 13?
12
What is the remainder when 51 is divided by (4/10)/((-5)/(-325))?
25
Suppose 3*v - 42 = -2*n - 3*n, 4*n = -2*v + 30. Suppose 2*c - 69 = -4*m + 23, 5*c + 120 = 4*m. What is the remainder when m is divided by v?
7
Let b(c) = -c**2 + 10*c + 7. Let a be b(11). Calculate the remainder when 16 is divided by ((-208)/(-4))/4 + a.
7
Let w = 12 + -6. Suppose -2*n - 82 = -4*a, -n + 85 = 4*a - 0*n. Calculate the remainder when a is divided by w.
3
Let g = 11 + -1. Suppose -3*j = -4*u - 92, 40 = 2*j - 5*u - 26. Suppose -4*f + j = -3*f. What is the remainder when f is divided by g?
8
Suppose -2*n - 12 = -5*n. Suppose -n*u + 55 = 3. What is the remainder when 4*(-38)/(-4) - 0 is divided by u?
12
Calculate the remainder when 157 is divided by (-5 - 15)/5*-2.
5
Let n be (-5)/(-20) + (-93)/(-12). Suppose a - 10 = n. Calculate the remainder when 70 is divided by a.
16
Let c = -3 - -5. Let f = c + 0. Suppose -4*x + 2 = -3*t, 2*x + 0*t = t + 2. What is the remainder when f is divided by x?
0
Suppose 4*n = -3*k + 19, -3 = n + k - 7. Let j be 4*((-225)/(-12))/5. Suppose j = 3*v - 42. Calculate the remainder when v is divided by n.
5
Let m = 191 - 143. What is the remainder when m is divided by 26?
22
Let f = -127 - -181. What is the remainder when f is divided by 28?
26
Suppose -2*j = 3*c - 45, -5*j - 2*c + 7*c + 150 = 0. Suppose -v + j = 2*v. Calculate the remainder when 16 is divided by v.
7
Suppose -4*x = -2*o - 12, -24 = o - 3*o - 5*x. Let n be ((-4)/(-5))/(1/5). Let v = n - 3. Calculate the remainder when o is divided by v.
0
Suppose 2*s = 15 + 9. Calculate the remainder when (-312)/(-12) - 4*1 is divided by s.
10
Suppose -67 - 8 = -3*d. Let x(o) be the third derivative of 3*o**6/40 - o**5/60 + o**4/12 - o**3/6 + 2*o**2. What is the remainder when d is divided by x(1)?
7
Let j(n) = -n**3 + 8*n**2 + 9*n - 2. Let b be j(9). Let a(d) = 2*d**2 - 2*d - 1. Calculate the remainder when a(b) is divided by 4.
3
Suppose 3*f + n - 5*n = 331, -5*f = -n - 580. Let r = -78 + f. Calculate the remainder when r is divided by 20.
19
Suppose -y = -0*y - 3*t - 10, 4*y + t = 40. Suppose -5*a + y = -0*a. Calculate the remainder when a/6 - 69/(-9) is divided by 5.
3
Suppose -7 = -2*w + 5*n - 0*n, 31 = 5*w + n. Suppose -4*p = -p - w. Let t = 2 + p. What is the remainder when 11 is divided by t?
3
What is the remainder when 60*(10/(-15) + 1) is divided by 21/2 + (-1)/(-2)?
9
Let f(j) = j**3 - j**2 - 2*j + 3. Let i be f(2). Let d be 2/i + 14/6. Calculate the remainder when (-2 + d)/1 + 3 is divided by 3.
1
Let o be (2/4)/(1/304). Suppose 2*r + u - o = -u, r + 5*u = 64. Calculate the remainder when r is divided by 27.
25
Let t(m) = -39*m + 2. Calculate the remainder when t(-1) is divided by 14.
13
Suppose 0 = -5*q + 3*n - 233 + 940, -q + 131 = 2*n. What is the remainder when q is divided by 20?
19
Supp